{"id":383,"date":"2021-05-24T06:10:56","date_gmt":"2021-05-24T06:10:56","guid":{"rendered":"https:\/\/swissmemorial.ch\/?page_id=383"},"modified":"2021-05-25T12:15:41","modified_gmt":"2021-05-25T12:15:41","slug":"concept","status":"publish","type":"page","link":"https:\/\/swissmemorial.ch\/fr\/concept\/","title":{"rendered":"Concept"},"content":{"rendered":"<p><div class=\"fusion-fullwidth fullwidth-box fusion-builder-row-1 fusion-flex-container fusion-parallax-none nonhundred-percent-fullwidth non-hundred-percent-height-scrolling\" style=\"--awb-background-position:center top;--awb-border-radius-top-left:0px;--awb-border-radius-top-right:0px;--awb-border-radius-bottom-right:0px;--awb-border-radius-bottom-left:0px;--awb-padding-top:250px;--awb-padding-bottom:250px;--awb-padding-top-small:120PX;--awb-padding-bottom-small:120PX;--awb-background-image:linear-gradient(180deg, rgba(0,0,0,0.4) 0%,rgba(0,0,0,0.4) 100%),url(https:\/\/swissmemorial.ch\/wp-content\/uploads\/2021\/05\/konzept-page-hero-bg.jpg);;--awb-background-size:cover;--awb-flex-wrap:wrap;\" ><div class=\"fusion-builder-row fusion-row fusion-flex-align-items-flex-start fusion-flex-content-wrap\" style=\"max-width:1331.2px;margin-left: calc(-4% \/ 2 );margin-right: calc(-4% \/ 2 );\"><div class=\"fusion-layout-column fusion_builder_column fusion-builder-column-0 fusion_builder_column_1_1 1_1 fusion-flex-column fusion-animated\" style=\"--awb-bg-size:cover;--awb-width-large:100%;--awb-margin-top-large:0px;--awb-spacing-right-large:1.92%;--awb-margin-bottom-large:20px;--awb-spacing-left-large:1.92%;--awb-width-medium:100%;--awb-order-medium:0;--awb-spacing-right-medium:1.92%;--awb-spacing-left-medium:1.92%;--awb-width-small:100%;--awb-order-small:0;--awb-spacing-right-small:1.92%;--awb-spacing-left-small:1.92%;\" data-animationType=\"fadeInUp\" data-animationDuration=\"1.0\" data-animationOffset=\"top-into-view\"><div class=\"fusion-column-wrapper fusion-column-has-shadow fusion-flex-justify-content-flex-start fusion-content-layout-column\"><div class=\"fusion-title title fusion-title-1 fusion-no-small-visibility fusion-sep-none fusion-title-center fusion-title-text fusion-title-size-one\" style=\"--awb-text-color:#ffffff;--awb-margin-top:30px;--awb-font-size:72px;\"><h1 class=\"fusion-title-heading title-heading-center\" style=\"margin:0;font-size:1em;\">CONCEPT<\/h1><\/div><div class=\"fusion-title title fusion-title-2 fusion-no-medium-visibility fusion-no-large-visibility fusion-sep-none fusion-title-center fusion-title-text fusion-title-size-one\" style=\"--awb-text-color:#ffffff;--awb-margin-top:30px;--awb-font-size:42px;\"><h1 class=\"fusion-title-heading title-heading-center\" style=\"margin:0;font-size:1em;\">CONCEPT<\/h1><\/div><\/div><\/div><\/div><\/div><div class=\"fusion-fullwidth fullwidth-box fusion-builder-row-2 fusion-flex-container nonhundred-percent-fullwidth non-hundred-percent-height-scrolling\" style=\"--awb-border-radius-top-left:0px;--awb-border-radius-top-right:0px;--awb-border-radius-bottom-right:0px;--awb-border-radius-bottom-left:0px;--awb-padding-top:80px;--awb-padding-bottom:80px;--awb-padding-bottom-small:40PX;--awb-flex-wrap:wrap;\" ><div class=\"fusion-builder-row fusion-row fusion-flex-align-items-flex-start fusion-flex-content-wrap\" style=\"max-width:1331.2px;margin-left: calc(-4% \/ 2 );margin-right: calc(-4% \/ 2 );\"><div class=\"fusion-layout-column fusion_builder_column fusion-builder-column-1 fusion_builder_column_1_1 1_1 fusion-flex-column fusion-animated\" style=\"--awb-bg-size:cover;--awb-width-large:100%;--awb-margin-top-large:0px;--awb-spacing-right-large:1.92%;--awb-margin-bottom-large:20px;--awb-spacing-left-large:1.92%;--awb-width-medium:100%;--awb-order-medium:0;--awb-spacing-right-medium:1.92%;--awb-spacing-left-medium:1.92%;--awb-width-small:100%;--awb-order-small:0;--awb-spacing-right-small:1.92%;--awb-spacing-left-small:1.92%;\" data-animationType=\"fadeInUp\" data-animationDuration=\"1.0\" data-animationOffset=\"top-into-view\"><div class=\"fusion-column-wrapper fusion-column-has-shadow fusion-flex-justify-content-flex-start fusion-content-layout-column\"><div class=\"fusion-text fusion-text-1\" style=\"--awb-line-height:190%;\"><p>Malgr\u00e9 la prise de conscience historique qui s\u2019est faite en Suisse durant ces derni\u00e8res d\u00e9cennies, on savait peu de choses sur les victimes suisses du national-socialisme il y a quelques ann\u00e9es encore. Des projets de recherche r\u00e9cents relatent d\u00e9sormais les crimes commis contre les Juives et Juifs suisses, les personnes expuls\u00e9es de force et les Suissesses et Suisses d\u00e9tenus dans les camps de concentration. Ils mettent \u00e9galement en lumi\u00e8re les femmes et les hommes qui ont aid\u00e9 les personnes pers\u00e9cut\u00e9es quand l\u2019\u00c9tat n\u00e9gligea de le faire. Il est rapidement apparu que certains \u00e9v\u00e9nements et certaines histoires, certains destins et certaines fautes n\u2019\u00e9taient pas seulement dignes d\u2019\u00eatre rappel\u00e9s, mais qu\u2019ils devaient imp\u00e9rativement l\u2019\u00eatre.<\/p>\n<p>Le m\u00e9morial pr\u00e9vu se compose d\u2019un lieu de comm\u00e9moration, d\u2019un lieu de transmission et d\u2019un lieu de connexion virtuel. Cette tripartition permet de se pencher sur les injustices du pass\u00e9, mais aussi de tisser des liens avec le pr\u00e9sent et de mettre en garde sur des ressentiments comme l\u2019intol\u00e9rance, le racisme et l\u2019antis\u00e9mitisme, qui croissent \u00e0 nouveau aujourd\u2019hui.<\/p>\n<p>L\u2019objectif du projet est de pr\u00e9parer le terrain pour un pr\u00e9sent et un avenir solidaires. Le m\u00e9morial doit \u00eatre un lieu vivant et mall\u00e9able au c\u0153ur de la Suisse. Un lieu qui permette de comm\u00e9morer, de transmettre et de connecter. Les discussions et les r\u00e9flexions qui \u00e9mergent autour du m\u00e9morial font partie du combat perp\u00e9tuel pour la protection des droits de l\u2019homme et de la d\u00e9mocratie.<\/p>\n<\/div><\/div><\/div><div class=\"fusion-layout-column fusion_builder_column fusion-builder-column-2 fusion_builder_column_1_1 1_1 fusion-flex-column fusion-animated\" style=\"--awb-bg-size:cover;--awb-width-large:100%;--awb-margin-top-large:0px;--awb-spacing-right-large:1.92%;--awb-margin-bottom-large:40px;--awb-spacing-left-large:1.92%;--awb-width-medium:100%;--awb-order-medium:0;--awb-spacing-right-medium:1.92%;--awb-spacing-left-medium:1.92%;--awb-width-small:100%;--awb-order-small:0;--awb-spacing-right-small:1.92%;--awb-spacing-left-small:1.92%;\" data-animationType=\"fadeInUp\" data-animationDuration=\"1.0\" data-animationOffset=\"top-into-view\"><div class=\"fusion-column-wrapper fusion-column-has-shadow fusion-flex-justify-content-flex-start fusion-content-layout-column\"><div ><a class=\"fusion-button button-flat button-xlarge button-custom fusion-button-default button-1 fusion-button-default-span fusion-button-default-type\" style=\"--button_accent_color:#ffffff;--button_accent_hover_color:#94a4a8;--button_border_hover_color:#94a4a8;--button_gradient_top_color:#94a4a8;--button_gradient_bottom_color:#94a4a8;--button_gradient_top_color_hover:#ffffff;--button_gradient_bottom_color_hover:#ffffff;--button_text_transform:uppercase;\" target=\"_blank\" rel=\"noopener noreferrer\" href=\"https:\/\/swissmemorial.ch\/wp-content\/uploads\/2021\/05\/20210525_Concept_Memorial-Suisse_victimes-NS_f.pdf\"><i class=\"fa-cloud-download-alt fas awb-button__icon awb-button__icon--default button-icon-left\" aria-hidden=\"true\"><\/i><span class=\"fusion-button-text awb-button__text awb-button__text--default\">T\u00c9L\u00c9CHARGER LE CONCEPT<\/span><\/a><\/div><\/div><\/div><div class=\"fusion-layout-column fusion_builder_column fusion-builder-column-3 fusion_builder_column_1_1 1_1 fusion-flex-column fusion-animated\" style=\"--awb-bg-size:cover;--awb-width-large:100%;--awb-margin-top-large:0px;--awb-spacing-right-large:1.92%;--awb-margin-bottom-large:20px;--awb-spacing-left-large:1.92%;--awb-width-medium:100%;--awb-order-medium:0;--awb-spacing-right-medium:1.92%;--awb-spacing-left-medium:1.92%;--awb-width-small:100%;--awb-order-small:0;--awb-spacing-right-small:1.92%;--awb-spacing-left-small:1.92%;\" data-animationType=\"fadeInUp\" data-animationDuration=\"1.0\" data-animationOffset=\"top-into-view\"><div class=\"fusion-column-wrapper fusion-column-has-shadow fusion-flex-justify-content-flex-start fusion-content-layout-column\"><div class=\"fusion-text fusion-text-2\" style=\"--awb-line-height:190%;\"><p>Le groupe de pilotage qui est \u00e0 l\u2019origine du projet et a \u00e9labor\u00e9 le concept \u00abUn m\u00e9morial suisse pour les victimes du national-socialisme\u00bb englobe les personnes et les institutions suivantes: l\u2019Organisation des Suisses de l\u2019\u00e9tranger (OSE, Remo Gysin, Erich Bloch), la F\u00e9d\u00e9ration suisse des communaut\u00e9s isra\u00e9lites (FSCI, Herbert Winter\/Ralph Lewin, Val\u00e9rie Arato Salzer), l\u2019Amiti\u00e9 Jud\u00e9o-Chr\u00e9tienne en Suisse (AJC, Hannah Einhaus), les Archives suisses d\u2019histoire contemporaine de l\u2019EPF de Zurich (AfZ, Gregor Spuhler, Sabina Bossert) pour le conseil scientifique, le Zentrum f\u00fcr J\u00fcdische Studien de l\u2019universit\u00e9 de B\u00e2le (ZJS, Erik Petry) et une experte en mati\u00e8re de monuments, Fabienne Meyer.<\/p>\n<\/div><\/div><\/div><\/div><\/div><\/p>\n","protected":false},"excerpt":{"rendered":"","protected":false},"author":2,"featured_media":0,"parent":0,"menu_order":0,"comment_status":"closed","ping_status":"closed","template":"100-width.php","meta":{"footnotes":""},"class_list":["post-383","page","type-page","status-publish","hentry"],"yoast_head":"<!-- This site is optimized with the Yoast SEO plugin v25.5 - https:\/\/yoast.com\/wordpress\/plugins\/seo\/ -->\n<title>Concept - Swiss Memorial<\/title>\n<meta name=\"robots\" content=\"index, follow, max-snippet:-1, max-image-preview:large, max-video-preview:-1\" \/>\n<link rel=\"canonical\" href=\"https:\/\/swissmemorial.ch\/fr\/concept\/\" \/>\n<meta property=\"og:locale\" content=\"fr_FR\" \/>\n<meta property=\"og:type\" content=\"article\" \/>\n<meta property=\"og:title\" content=\"Concept - Swiss Memorial\" \/>\n<meta property=\"og:url\" content=\"https:\/\/swissmemorial.ch\/fr\/concept\/\" \/>\n<meta property=\"og:site_name\" content=\"Swiss Memorial\" \/>\n<meta property=\"article:modified_time\" content=\"2021-05-25T12:15:41+00:00\" \/>\n<meta name=\"twitter:card\" content=\"summary_large_image\" \/>\n<meta name=\"twitter:label1\" content=\"Dur\u00e9e de lecture estim\u00e9e\" \/>\n\t<meta name=\"twitter:data1\" content=\"5 minutes\" \/>\n<script type=\"application\/ld+json\" class=\"yoast-schema-graph\">{\"@context\":\"https:\/\/schema.org\",\"@graph\":[{\"@type\":\"WebPage\",\"@id\":\"https:\/\/swissmemorial.ch\/fr\/concept\/\",\"url\":\"https:\/\/swissmemorial.ch\/fr\/concept\/\",\"name\":\"Concept - Swiss Memorial\",\"isPartOf\":{\"@id\":\"https:\/\/swissmemorial.ch\/fr\/#website\"},\"datePublished\":\"2021-05-24T06:10:56+00:00\",\"dateModified\":\"2021-05-25T12:15:41+00:00\",\"breadcrumb\":{\"@id\":\"https:\/\/swissmemorial.ch\/fr\/concept\/#breadcrumb\"},\"inLanguage\":\"fr-FR\",\"potentialAction\":[{\"@type\":\"ReadAction\",\"target\":[\"https:\/\/swissmemorial.ch\/fr\/concept\/\"]}]},{\"@type\":\"BreadcrumbList\",\"@id\":\"https:\/\/swissmemorial.ch\/fr\/concept\/#breadcrumb\",\"itemListElement\":[{\"@type\":\"ListItem\",\"position\":1,\"name\":\"Home\",\"item\":\"https:\/\/swissmemorial.ch\/fr\/\"},{\"@type\":\"ListItem\",\"position\":2,\"name\":\"Concept\"}]},{\"@type\":\"WebSite\",\"@id\":\"https:\/\/swissmemorial.ch\/fr\/#website\",\"url\":\"https:\/\/swissmemorial.ch\/fr\/\",\"name\":\"Swiss Memorial\",\"description\":\"\",\"potentialAction\":[{\"@type\":\"SearchAction\",\"target\":{\"@type\":\"EntryPoint\",\"urlTemplate\":\"https:\/\/swissmemorial.ch\/fr\/?s={search_term_string}\"},\"query-input\":{\"@type\":\"PropertyValueSpecification\",\"valueRequired\":true,\"valueName\":\"search_term_string\"}}],\"inLanguage\":\"fr-FR\"}]}<\/script>\n<!-- \/ Yoast SEO plugin. -->","yoast_head_json":{"title":"Concept - Swiss Memorial","robots":{"index":"index","follow":"follow","max-snippet":"max-snippet:-1","max-image-preview":"max-image-preview:large","max-video-preview":"max-video-preview:-1"},"canonical":"https:\/\/swissmemorial.ch\/fr\/concept\/","og_locale":"fr_FR","og_type":"article","og_title":"Concept - Swiss Memorial","og_url":"https:\/\/swissmemorial.ch\/fr\/concept\/","og_site_name":"Swiss Memorial","article_modified_time":"2021-05-25T12:15:41+00:00","twitter_card":"summary_large_image","twitter_misc":{"Dur\u00e9e de lecture estim\u00e9e":"5 minutes"},"schema":{"@context":"https:\/\/schema.org","@graph":[{"@type":"WebPage","@id":"https:\/\/swissmemorial.ch\/fr\/concept\/","url":"https:\/\/swissmemorial.ch\/fr\/concept\/","name":"Concept - Swiss Memorial","isPartOf":{"@id":"https:\/\/swissmemorial.ch\/fr\/#website"},"datePublished":"2021-05-24T06:10:56+00:00","dateModified":"2021-05-25T12:15:41+00:00","breadcrumb":{"@id":"https:\/\/swissmemorial.ch\/fr\/concept\/#breadcrumb"},"inLanguage":"fr-FR","potentialAction":[{"@type":"ReadAction","target":["https:\/\/swissmemorial.ch\/fr\/concept\/"]}]},{"@type":"BreadcrumbList","@id":"https:\/\/swissmemorial.ch\/fr\/concept\/#breadcrumb","itemListElement":[{"@type":"ListItem","position":1,"name":"Home","item":"https:\/\/swissmemorial.ch\/fr\/"},{"@type":"ListItem","position":2,"name":"Concept"}]},{"@type":"WebSite","@id":"https:\/\/swissmemorial.ch\/fr\/#website","url":"https:\/\/swissmemorial.ch\/fr\/","name":"Swiss Memorial","description":"","potentialAction":[{"@type":"SearchAction","target":{"@type":"EntryPoint","urlTemplate":"https:\/\/swissmemorial.ch\/fr\/?s={search_term_string}"},"query-input":{"@type":"PropertyValueSpecification","valueRequired":true,"valueName":"search_term_string"}}],"inLanguage":"fr-FR"}]}},"_links":{"self":[{"href":"https:\/\/swissmemorial.ch\/fr\/wp-json\/wp\/v2\/pages\/383","targetHints":{"allow":["GET"]}}],"collection":[{"href":"https:\/\/swissmemorial.ch\/fr\/wp-json\/wp\/v2\/pages"}],"about":[{"href":"https:\/\/swissmemorial.ch\/fr\/wp-json\/wp\/v2\/types\/page"}],"author":[{"embeddable":true,"href":"https:\/\/swissmemorial.ch\/fr\/wp-json\/wp\/v2\/users\/2"}],"replies":[{"embeddable":true,"href":"https:\/\/swissmemorial.ch\/fr\/wp-json\/wp\/v2\/comments?post=383"}],"version-history":[{"count":7,"href":"https:\/\/swissmemorial.ch\/fr\/wp-json\/wp\/v2\/pages\/383\/revisions"}],"predecessor-version":[{"id":494,"href":"https:\/\/swissmemorial.ch\/fr\/wp-json\/wp\/v2\/pages\/383\/revisions\/494"}],"wp:attachment":[{"href":"https:\/\/swissmemorial.ch\/fr\/wp-json\/wp\/v2\/media?parent=383"}],"curies":[{"name":"wp","href":"https:\/\/api.w.org\/{rel}","templated":true}]}}

<p><div class="fusion-fullwidth fullwidth-box fusion-builder-row-1 fusion-flex-container fusion-parallax-none nonhundred-percent-fullwidth non-hundred-percent-height-scrolling" style="--awb-background-position:center top;--awb-border-radius-top-left:0px;--awb-border-radius-top-right:0px;--awb-border-radius-bottom-right:0px;--awb-border-radius-bottom-left:0px;--awb-padding-top:250px;--awb-padding-bottom:250px;--awb-padding-top-small:120PX;--awb-padding-bottom-small:120PX;--awb-background-image:linear-gradient(180deg, rgba(0,0,0,0.4) 0%,rgba(0,0,0,0.4) 100%),url(https://swissmemorial.ch/wp-content/uploads/2021/05/konzept-page-hero-bg.jpg);;--awb-background-size:cover;--awb-flex-wrap:wrap;" ><div class="fusion-builder-row fusion-row fusion-flex-align-items-flex-start fusion-flex-content-wrap" style="max-width:1331.2px;margin-left: calc(-4% / 2 );margin-right: calc(-4% / 2 );"><div class="fusion-layout-column fusion_builder_column fusion-builder-column-0 fusion_builder_column_1_1 1_1 fusion-flex-column fusion-animated" style="--awb-bg-size:cover;--awb-width-large:100%;--awb-margin-top-large:0px;--awb-spacing-right-large:1.92%;--awb-margin-bottom-large:20px;--awb-spacing-left-large:1.92%;--awb-width-medium:100%;--awb-order-medium:0;--awb-spacing-right-medium:1.92%;--awb-spacing-left-medium:1.92%;--awb-width-small:100%;--awb-order-small:0;--awb-spacing-right-small:1.92%;--awb-spacing-left-small:1.92%;" data-animationType="fadeInUp" data-animationDuration="1.0" data-animationOffset="top-into-view"><div class="fusion-column-wrapper fusion-column-has-shadow fusion-flex-justify-content-flex-start fusion-content-layout-column"><div class="fusion-title title fusion-title-1 fusion-no-small-visibility fusion-sep-none fusion-title-center fusion-title-text fusion-title-size-one" style="--awb-text-color:#ffffff;--awb-margin-top:30px;--awb-font-size:72px;"><h1 class="fusion-title-heading title-heading-center" style="margin:0;font-size:1em;">CONCEPT</h1></div><div class="fusion-title title fusion-title-2 fusion-no-medium-visibility fusion-no-large-visibility fusion-sep-none fusion-title-center fusion-title-text fusion-title-size-one" style="--awb-text-color:#ffffff;--awb-margin-top:30px;--awb-font-size:42px;"><h1 class="fusion-title-heading title-heading-center" style="margin:0;font-size:1em;">CONCEPT</h1></div></div></div></div></div><div class="fusion-fullwidth fullwidth-box fusion-builder-row-2 fusion-flex-container nonhundred-percent-fullwidth non-hundred-percent-height-scrolling" style="--awb-border-radius-top-left:0px;--awb-border-radius-top-right:0px;--awb-border-radius-bottom-right:0px;--awb-border-radius-bottom-left:0px;--awb-padding-top:80px;--awb-padding-bottom:80px;--awb-padding-bottom-small:40PX;--awb-flex-wrap:wrap;" ><div class="fusion-builder-row fusion-row fusion-flex-align-items-flex-start fusion-flex-content-wrap" style="max-width:1331.2px;margin-left: calc(-4% / 2 );margin-right: calc(-4% / 2 );"><div class="fusion-layout-column fusion_builder_column fusion-builder-column-1 fusion_builder_column_1_1 1_1 fusion-flex-column fusion-animated" style="--awb-bg-size:cover;--awb-width-large:100%;--awb-margin-top-large:0px;--awb-spacing-right-large:1.92%;--awb-margin-bottom-large:20px;--awb-spacing-left-large:1.92%;--awb-width-medium:100%;--awb-order-medium:0;--awb-spacing-right-medium:1.92%;--awb-spacing-left-medium:1.92%;--awb-width-small:100%;--awb-order-small:0;--awb-spacing-right-small:1.92%;--awb-spacing-left-small:1.92%;" data-animationType="fadeInUp" data-animationDuration="1.0" data-animationOffset="top-into-view"><div class="fusion-column-wrapper fusion-column-has-shadow fusion-flex-justify-content-flex-start fusion-content-layout-column"><div class="fusion-text fusion-text-1" style="--awb-line-height:190%;"><p>Malgré la prise de conscience historique qui s’est faite en Suisse durant ces dernières décennies, on savait peu de choses sur les victimes suisses du national-socialisme il y a quelques années encore. Des projets de recherche récents relatent désormais les crimes commis contre les Juives et Juifs suisses, les personnes expulsées de force et les Suissesses et Suisses détenus dans les camps de concentration. Ils mettent également en lumière les femmes et les hommes qui ont aidé les personnes persécutées quand l’État négligea de le faire. Il est rapidement apparu que certains événements et certaines histoires, certains destins et certaines fautes n’étaient pas seulement dignes d’être rappelés, mais qu’ils devaient impérativement l’être.</p>
<p>Le mémorial prévu se compose d’un lieu de commémoration, d’un lieu de transmission et d’un lieu de connexion virtuel. Cette tripartition permet de se pencher sur les injustices du passé, mais aussi de tisser des liens avec le présent et de mettre en garde sur des ressentiments comme l’intolérance, le racisme et l’antisémitisme, qui croissent à nouveau aujourd’hui.</p>
<p>L’objectif du projet est de préparer le terrain pour un présent et un avenir solidaires. Le mémorial doit être un lieu vivant et malléable au cœur de la Suisse. Un lieu qui permette de commémorer, de transmettre et de connecter. Les discussions et les réflexions qui émergent autour du mémorial font partie du combat perpétuel pour la protection des droits de l’homme et de la démocratie.</p>
</div></div></div><div class="fusion-layout-column fusion_builder_column fusion-builder-column-2 fusion_builder_column_1_1 1_1 fusion-flex-column fusion-animated" style="--awb-bg-size:cover;--awb-width-large:100%;--awb-margin-top-large:0px;--awb-spacing-right-large:1.92%;--awb-margin-bottom-large:40px;--awb-spacing-left-large:1.92%;--awb-width-medium:100%;--awb-order-medium:0;--awb-spacing-right-medium:1.92%;--awb-spacing-left-medium:1.92%;--awb-width-small:100%;--awb-order-small:0;--awb-spacing-right-small:1.92%;--awb-spacing-left-small:1.92%;" data-animationType="fadeInUp" data-animationDuration="1.0" data-animationOffset="top-into-view"><div class="fusion-column-wrapper fusion-column-has-shadow fusion-flex-justify-content-flex-start fusion-content-layout-column"><div ><a class="fusion-button button-flat button-xlarge button-custom fusion-button-default button-1 fusion-button-default-span fusion-button-default-type" style="--button_accent_color:#ffffff;--button_accent_hover_color:#94a4a8;--button_border_hover_color:#94a4a8;--button_gradient_top_color:#94a4a8;--button_gradient_bottom_color:#94a4a8;--button_gradient_top_color_hover:#ffffff;--button_gradient_bottom_color_hover:#ffffff;--button_text_transform:uppercase;" target="_blank" rel="noopener noreferrer" href="https://swissmemorial.ch/wp-content/uploads/2021/05/20210525_Concept_Memorial-Suisse_victimes-NS_f.pdf"><i class="fa-cloud-download-alt fas awb-button__icon awb-button__icon--default button-icon-left" aria-hidden="true"></i><span class="fusion-button-text awb-button__text awb-button__text--default">TÉLÉCHARGER LE CONCEPT</span></a></div></div></div><div class="fusion-layout-column fusion_builder_column fusion-builder-column-3 fusion_builder_column_1_1 1_1 fusion-flex-column fusion-animated" style="--awb-bg-size:cover;--awb-width-large:100%;--awb-margin-top-large:0px;--awb-spacing-right-large:1.92%;--awb-margin-bottom-large:20px;--awb-spacing-left-large:1.92%;--awb-width-medium:100%;--awb-order-medium:0;--awb-spacing-right-medium:1.92%;--awb-spacing-left-medium:1.92%;--awb-width-small:100%;--awb-order-small:0;--awb-spacing-right-small:1.92%;--awb-spacing-left-small:1.92%;" data-animationType="fadeInUp" data-animationDuration="1.0" data-animationOffset="top-into-view"><div class="fusion-column-wrapper fusion-column-has-shadow fusion-flex-justify-content-flex-start fusion-content-layout-column"><div class="fusion-text fusion-text-2" style="--awb-line-height:190%;"><p>Le groupe de pilotage qui est à l’origine du projet et a élaboré le concept «Un mémorial suisse pour les victimes du national-socialisme» englobe les personnes et les institutions suivantes: l’Organisation des Suisses de l’étranger (OSE, Remo Gysin, Erich Bloch), la Fédération suisse des communautés israélites (FSCI, Herbert Winter/Ralph Lewin, Valérie Arato Salzer), l’Amitié Judéo-Chrétienne en Suisse (AJC, Hannah Einhaus), les Archives suisses d’histoire contemporaine de l’EPF de Zurich (AfZ, Gregor Spuhler, Sabina Bossert) pour le conseil scientifique, le Zentrum für Jüdische Studien de l’université de Bâle (ZJS, Erik Petry) et une experte en matière de monuments, Fabienne Meyer.</p>
</div></div></div></div></div></p>

<!-- This site is optimized with the Yoast SEO plugin v25.5 - https://yoast.com/wordpress/plugins/seo/ -->
<title>Concept - Swiss Memorial</title>
<meta name="robots" content="index, follow, max-snippet:-1, max-image-preview:large, max-video-preview:-1" />
<link rel="canonical" href="https://swissmemorial.ch/fr/concept/" />
<meta property="og:locale" content="fr_FR" />
<meta property="og:type" content="article" />
<meta property="og:title" content="Concept - Swiss Memorial" />
<meta property="og:url" content="https://swissmemorial.ch/fr/concept/" />
<meta property="og:site_name" content="Swiss Memorial" />
<meta property="article:modified_time" content="2021-05-25T12:15:41+00:00" />
<meta name="twitter:card" content="summary_large_image" />
<meta name="twitter:label1" content="Durée de lecture estimée" />
	<meta name="twitter:data1" content="5 minutes" />
<script type="application/ld+json" class="yoast-schema-graph">{"@context":"https://schema.org","@graph":[{"@type":"WebPage","@id":"https://swissmemorial.ch/fr/concept/","url":"https://swissmemorial.ch/fr/concept/","name":"Concept - Swiss Memorial","isPartOf":{"@id":"https://swissmemorial.ch/fr/#website"},"datePublished":"2021-05-24T06:10:56+00:00","dateModified":"2021-05-25T12:15:41+00:00","breadcrumb":{"@id":"https://swissmemorial.ch/fr/concept/#breadcrumb"},"inLanguage":"fr-FR","potentialAction":[{"@type":"ReadAction","target":["https://swissmemorial.ch/fr/concept/"]}]},{"@type":"BreadcrumbList","@id":"https://swissmemorial.ch/fr/concept/#breadcrumb","itemListElement":[{"@type":"ListItem","position":1,"name":"Home","item":"https://swissmemorial.ch/fr/"},{"@type":"ListItem","position":2,"name":"Concept"}]},{"@type":"WebSite","@id":"https://swissmemorial.ch/fr/#website","url":"https://swissmemorial.ch/fr/","name":"Swiss Memorial","description":"","potentialAction":[{"@type":"SearchAction","target":{"@type":"EntryPoint","urlTemplate":"https://swissmemorial.ch/fr/?s={search_term_string}"},"query-input":{"@type":"PropertyValueSpecification","valueRequired":true,"valueName":"search_term_string"}}],"inLanguage":"fr-FR"}]}</script>
<!-- / Yoast SEO plugin. -->
